 - 6*i. Let o(t) = -10*t - 2. Let s(m) = -8*g(m) - o(m). Calculate s(3).
8
Let z(u) = -6*u + 8. Let j(p) be the third derivative of -p**4/24 + p**3/3 + 49*p**2. Let l(o) = 3*j(o) - z(o). Give l(8).
22
Let n(p) = -2*p**3 - 2*p**2 + p. Let c = -17 + 45. Suppose -4*v + c - 12 = 0. Suppose v*x + 25 = 5*y + 8, 5*x + 20 = 5*y. What is n(y)?
-3
Let y(o) = -5*o**3 + 3*o**2 + 7*o + 4. Let b(x) = 6*x**3 - 3*x**2 - 8*x - 5. Let v(w) = -6*b(w) - 7*y(w). Suppose -9*p - 12 = -3*p. Calculate v(p).
0
Let n(r) = -r + 6. Let h be n(13). Let m(f) be the first derivative of -f**3/3 - 7*f**2/2 + 6*f - 19. Determine m(h).
6
Let n = -531 - -537. Let t(s) = 2*s - 1. What is t(n)?
11
Let n(y) be the third derivative of y**6/120 - y**5/10 + y**4/24 - 7*y**3/6 - 75*y**2. Determine n(6).
-1
Suppose -7 = 121*y - 128. Let f(m) = -4*m**2 - 2*m + 1. Give f(y).
-5
Let i(f) = 4 + 15*f**2 - 5*f**2 - 5 + f**3 + 55*f - 63*f. Determine i(-11).
-34
Let p(f) = -f - 2. Let d(w) = w**3 - 2*w**2 - 5*w + 4. Let j(h) = h**3 - 3*h**2 + 3*h - 6. Let s be j(3). Let q be d(s). Give p(q).
0
Let k(x) = 4*x**3 + 23*x**2 - 15*x - 88. Let r(i) = -i**3 - 8*i**2 + 5*i + 29. Let l(w) = 2*k(w) + 7*r(w). Let a be l(9). Let s(z) = z - 6. Give s(a).
-15
Let s(y) = -y**3 + 9*y**2 - 10*y + 13. Suppose 24*r = 19*r - 5*g + 25, 5*r + 3*g = 31. What is s(r)?
-3
Let o(q) = -5*q - q**2 + 3*q - 4*q - 2*q - 4*q - 13. Determine o(-10).
7
Let l(m) = -26*m**3 + 0*m**2 - 3*m**2 + 9*m**2 + 25*m**3 - 6. Let r be 2/(-7) - 88/(-14). Calculate l(r).
-6
Let q = 75 + -74. Let j(h) = 17*h**2 - h + 1. Determine j(q).
17
Let q(c) = -c**3 - c**2 - 1. Let b be 6/30*(-1 + 26). Suppose f + l - 4 = -2*l, f + b*l = 8. Determine q(f).
3
Let t(m) = -3*m - 7. Let l(q) = q**2 + 13*q + 18. Let h be l(-12). Let o(a) = -1. Let n(r) = h*o(r) - t(r). What is n(-2)?
-5
Let w be (78/13)/(-1 - (-2)/(-4)). Let f(d) = d**2 + d - 3. Determine f(w).
9
Let f = 11 - 7. Suppose -f*u = 5*o - 20, 2*o = 5*u - 11 - 14. Let c(w) = 7*w - u*w + 4 + 2*w**2 - 9*w. Calculate c(4).
8
Let l(r) = -4*r - 27 - 19 + 46 - r**2. Calculate l(-4).
0
Suppose 12*f = 10 - 34. Let u(j) be the second derivative of j**4/12 + j**3/6 + j. What is u(f)?
2
Let h(b) = -14*b - 22. Let c be -8 - (-7 + 11 + -10). Calculate h(c).
6
Let m(s) = 2*s**2 + 2*s - 3. Let o be m(-3). Let q be (o + 0)/((-57)/(-38)). Let j(n) = n**2 - 6*n - 4. Give j(q).
-4
Let w(c) = -7*c + 4. Let u be w(-8). Suppose 0 = 5*o - 25 - u. Suppose 4*m = -o - 3. Let r(i) = -i**2 - 3*i + 3. Give r(m).
-7
Suppose -18 = 4*l - b + 3, 0 = -5*l + 2*b - 24. Let j(t) = 2*t**2 + 19*t + 1. Let d(h) = -h**2 - 9*h - 1. Let s(r) = 5*d(r) + 2*j(r). Give s(l).
3
Let x(r) = r**2 + 3*r - 2. Let d = 92 + 23. Suppose -3*y = -5*n - d, 2*n + y - 10 + 67 = 0. Let i be 200/(-52) + 4/n. What is x(i)?
2
Let q(m) = -5*m - 18. Let l be q(-4). Let h(k) = 282*k - 146*k + k**l - 4 - 139*k. What is h(-3)?
14
Let c(p) = -6*p**3 - 36*p**2 - 2*p - 14. Let g be c(-6). Let n(b) = b**3 + 2*b**2 - 3*b - 4. Calculate n(g).
2
Let y(r) be the first derivative of r**4/4 + 5*r**3/3 - 7*r**2/2 - 3*r + 207. Calculate y(-6).
3
Let f(a) = -17*a**3 + a**2 + 90*a - 6. Let x(g) = 13*g**3 - 68*g + 5. Let o(p) = 3*f(p) + 4*x(p). Let y = -4 - 0. Determine o(y).
-6
Let n(o) = 3*o**2 + 6*o - 2. Let c(m) = -2*m**2 - 5*m + 1. Let z = -21 - -37. Suppose -f + z = 3*f. Let r(l) = f*c(l) + 3*n(l). Calculate r(3).
1
Let o(x) = -x**3 + 7*x**2 + 14*x - 124. Let l be o(6). Let c(p) = -p**2. Calculate c(l).
-16
Let j(v) = -5*v**3 + v**2 - v - 1. Suppose 0 = -3*n - 0 - 3. Let q be j(n). Let d(m) = -3*m + 14. Let c be d(q). Let f(i) = 2*i**2 + 6*i + 1. Determine f(c).
9
Suppose 4*g = 16, 0 = -3*v - g + 17 - 1. Let x(i) = -i**2 + 9*i + 2. Determine x(v).
22
Let u(m) = -12*m - 1. Suppose 4*r = -4, 0 = 4*c + 10*r - 6*r + 16. Calculate u(c).
35
Let r(t) = 2*t + t**3 - 844816*t**2 + 844811*t**2 - 4 + t. Calculate r(4).
-8
Suppose 0 = -2*j, -3*o + 6*j - 9 = 9*j. Let c(y) = -4*y - 2. Determine c(o).
10
Let m = 26 + -30. Let x be (-4 - m) + (-15)/3. Let i(v) = -2*v**2 - 9*v - 2. Let k(p) = p**2 + 4*p + 1. Let z(q) = 3*i(q) + 5*k(q). What is z(x)?
9
Let f = 0 + 5. Suppose 7*i - f*i = 4. Suppose g + 4*h = 6*g - 2, i*g = -5*h - 19. Let u(k) = -k**3 - k**2 + k. What is u(g)?
2
Let v = 6 - 4. Suppose -d - v = -t, -4*t = 4*d + 8 + 24. Let r(y) = 12*y + 4. Let k(p) = 2*p + 1. Let n(s) = -11*k(s) + 2*r(s). Calculate n(t).
-9
Let v(m) = 12*m**2 + 5*m + 11. Let g be v(-4). Let h(w) = -181*w**2 + 3 + g*w**2 + 5*w - 2. Calculate h(-5).
26
Let n(d) be the third derivative of -d**6/120 + d**5/15 - d**4/24 - d**3/3 - 2*d**2 - 12. Let l be 1*(-9)/(-6)*2. Determine n(l).
4
Let f(n) = n**3 + 10*n**2 + 18*n + 19. Let g be f(-8). Let a(k) = -2 + 12*k**g + 1 - 8*k**3 - 5*k**3. Determine a(2).
-9
Let b(d) = 2*d - 6. Let v = -74 - -83. What is b(v)?
12
Suppose 78 - 42 = 9*i. Let u(b) be the second derivative of 5/6*b**3 + 0 + 4*b - 2*b**2 - 1/20*b**5 + 1/3*b**i. Calculate u(5).
-4
Let l(k) = -k**3 + 7*k**2 - 9*k + 9. Let u(q) be the second derivative of -q**3/6 - q**2 + 6*q. Let n be u(-3). Let v(w) = 6*w. Let z be v(n). Give l(z).
-9
Let i(c) = -c**2 - 7*c - 12. Let b be i(-5). Let q be b/(22/5 - 4). Let m(n) = n**3 + 3*n**2 - 6*n + 5. Calculate m(q).
-15
Let d(v) = -9*v**2. Suppose 0 = 3*q + 2*y - 3, 2*q + 3*y + 0*y - 7 = 0. What is d(q)?
-9
Let q(m) = -m. Let t be (19/(1140/105))/(1/(-4)). Calculate q(t).
7
Let z(c) = -3*c**3 - 4*c**2 + 3*c - 2. Let u(h) = -46*h**2 + 44*h**2 - 2*h**3 - 1 + h + 0*h. Let f(b) = -7*u(b) + 3*z(b). Suppose 2*k + 6 = 4. Give f(k).
-4
Let g(k) be the second derivative of -k**4/12 + 13*k**3/6 + 2*k**2 + 2*k + 48. Calculate g(13).
4
Suppose -25*f + 5 = -24*f. Let r(y) = f*y + 74 - 37 - 38. Let n = -1 + 3. Determine r(n).
9
Let t(x) = -x**3 + 5*x**2 + 6*x + 7. Suppose -3*d + 4 = -2. Suppose d*j = 4*q + 22, 2*j - j = -3*q - 9. Let g be (12/(-14))/(q/28). What is t(g)?
7
Let q(i) be the third derivative of -i**5/60 - 7*i**4/24 - 4*i**3/3 + 4*i**2. Let d be q(-5). Let k(a) = -a. Calculate k(d).
-2
Let i = 1 - -12. Let t = i + -8. Let m(u) = 0 - 8*u + 0*u**3 - 2 + u**3 - 3 + t*u**2. Give m(-6).
7
Let i(q) = -2*q - 2. Suppose -13 = 2*p + v + 36, 5*v = -2*p - 69. Let f(a) = a + 25. Let u be f(p). Give i(u).
-8
Suppose 0 = -2*r - 3*r + 5*k - 15, 12 = -4*r - 5*k. Let p(z) = -z**2 - 2*z + 3. Give p(r).
0
Let h(j) = 464*j**2 + 5 - 45*j - j**3 + 48*j - 470*j**2. Give h(-6).
-13
Let u(x) be the third derivative of -x**6/120 + x**5/15 - x**4/24 - x**3/3 + x**2. Suppose -13 - 15 = 2*q. Let b = 18 + q. What is u(b)?
-6
Let v(u) be the first derivative of -8*u**3/3 - u + 3. Let y be 10/(-4 + 2)*1. Let d(x) = -x**2 - 6*x - 6. Let r be d(y). What is v(r)?
-9
Let a(r) = 36*r - 11*r - 9*r - 14*r - 13. Determine a(6).
-1
Let g(b) = 63*b - 5 + 6 - 48*b. Determine g(2).
31
Let j(l) = -2*l**2 + 10*l - 7. Suppose -21*v + 23*v = 10. Determine j(v).
-7
Let l(s) be the third derivative of -s**6/120 + 2*s**5/15 - s**4/3 + 4*s**3/3 - 2*s**2 + 55. Calculate l(7).
1
Let b(i) = -i**2 - i. Let w(z) = 5*z**2 + 9*z + 2. Let g(t) = -4*b(t) - w(t). Let p be 2/(-6)*(1 + -1). Let v be 186/(-45) + p - (-2)/15. What is g(v)?
2
Let z(c) = 7*c + 268. Let b be z(-37). Let a(s) = s**3 - 10*s**2 + 10*s + 1. Calculate a(b).
10
Let i(w) = 20 - 9*w**2 - 155*w + w**3 + 146*w + w**2. Determine i(9).
20
Suppose v - 4 = -2*l, -3*l + 0*v - 4*v = -6. Let y(m) = m - 1. Let p(o) = 5*o - 5. Let q(d) = -4*p(d) + 18*y(d). Calculate q(l).
-2
Let s(b) = -b. Let z(p) = 6*p + 28. Let a(x) = 5*s(x) + z(x). Determine a(0).
28
Let h(y) be the third derivative of y**4/24 - 3*y**3/2 + y**2. Let u be h(12). Let p(d) = -2*d**2 + 4 + d**2 - 1 - d - 5 + d**u. Calculate p(0).
-2
Let n(t) be the second derivative of -19*t - 1/3*t**3 + 0 - 1/2*t**4 - 1/2*t**2. Give n(-1).
-5
Let u(f) = -f**2 + 5*f - 4. Let r(w) = -3*w**2 + 14*w - 11. Let t(z) = 2*r(z) - 7*u(z). Determine t(4).
-6
Suppose 50 = 3*f + 2*v, -2*v + 4 = -4. Suppose 0 = -5*w - 0*w + 4*k - 17, 0 = 5*w - 3*k + f. Let c(a) = -8*a - 1. Give c(w).
7
Let z = 31 + -28. Let c(h) = -3 - 32*h**3 + 8*h**2 + 33*h**z - 3*h**2. What is c(-3)?
15
Let t(n) = -n**2 - 4*n. Let v be t(-3). Let i(l) be the first derivative of l**3/6 - 7*l**2/2 - l + 1. Let g(w) be the first derivative of i(w). Give g(v).
-4
Let c(x) =